8
Let y be 56/21*66/8. Calculate the greatest common divisor of 88 and y.
22
Let k be (-5)/(-1 + 2 + -2). Let y = 113 - 58. What is the highest common factor of y and k?
5
Let t(c) = -2*c - 12. Let d be t(-7). Suppose 2*s - 77 = -5*g, -59 = d*g - 6*g + s. Calculate the highest common factor of 105 and g.
15
Let i(r) = r**3 + 8*r**2 + 8*r - 15. Let g be i(-6). Calculate the highest common factor of g and 9.
9
Let l(u) = u**2 + 9*u. Let x be l(-8). Let p = 16 + x. Let h be -1 - (0 + p)*-1. Calculate the highest common divisor of h and 14.
7
Suppose b - 3*l + 19 = 3*b, -3*b = 3*l - 27. Suppose -2*f = 5*n - 55 - b, -31 = -f - 3*n. Calculate the highest common divisor of 51 and f.
17
Let v(k) = k. Let a be v(-7). Let w(i) = -4*i + 8. Let p be w(a). What is the highest common factor of 12 and p?
12
Let k be ((-77)/(-14))/((-1)/(-6)). What is the highest common factor of k and 11?
11
Let l(r) = 2*r**2 - 2*r - 3. Let s = -48 + 106. Let z be (-6)/(-27) - s/18. Let u be l(z). What is the greatest common factor of u and 231?
21
Let n(t) = 2*t**2 - 6*t - 46. Let q be n(7). Suppose 5*a = 198 - 48. What is the highest common factor of a and q?
10
Suppose 20 = -2*k + 80. Let v be (12/k)/(1/30). Calculate the highest common divisor of 108 and v.
12
Let w be 84/2 + (-7 - -11). Let q = -25 + w. What is the highest common divisor of 42 and q?
21
Let g(j) = j**2 + j + 8. Let a be g(0). What is the highest common factor of 32 and a?
8
Suppose 1281 + 435 = 6*u. What is the highest common divisor of 26 and u?
26
Let p = 2 - -8. Let c be -6 - (-4)/(-1) - 0. Let o be (c/(-8))/(2/144). What is the highest common factor of p and o?
10
Suppose 8 = 2*x - x. Suppose 0*g - 4*g + x = -w, g = 2. Suppose -k + 7 + 1 = w. What is the greatest common factor of 40 and k?
8
Let o(n) = -n**2 - 16*n - 5. Let l be o(-16). Let i = 10 + l. Suppose 35 + 5 = 2*j. Calculate the greatest common divisor of i and j.
5
Let y be 3*3/((-27)/(-57)). Let f(r) = 7*r**2 - 2*r. Let u be f(3). What is the greatest common divisor of u and y?
19
Suppose 5*m = 3*t, 2*t = 2*m + 2*m - 2. Suppose 4*i - 3*i = q - 44, -t*q = -i - 224. Calculate the highest common divisor of q and 9.
9
Suppose 0 = 5*r - 20, 3*r + 0*r - 48 = -2*d. Suppose 4*y = 29 + 151. Calculate the highest common factor of y and d.
9
Let o be (-1)/(2/(-130)*17/17). What is the greatest common divisor of 13 and o?
13
Suppose 92 = 5*f - u + 12, -4*f + 3*u + 64 = 0. Suppose -2*b - 4*w + 340 = 0, -2*b + 6*w = 3*w - 361. Calculate the highest common factor of b and f.
16
Suppose -5*x + 15 + 30 = 0. Let s = x - 7. Calculate the highest common divisor of s and 8.
2
Suppose -29*m - 135 = -30*m. What is the highest common divisor of 54 and m?
27
Let t be 1256/18 + 32/144. Calculate the greatest common divisor of 10 and t.
10
Let y be (-23)/(-5) + (-4)/(-10). Suppose 0 = 5*u - r - 95, -5*u + 109 + 16 = y*r. What is the greatest common divisor of u and 140?
20
Let q(f) = -10*f**2 + 40*f**2 + 24*f**2. Let k be q(-1). What is the greatest common factor of k and 27?
27
Let g be 0/(-1 - 1) - -41. Calculate the greatest common divisor of 41 and g.
41
Let c(q) = -2*q - 16. Let t be c(-12). What is the greatest common divisor of t and 2?
2
Let u(d) = -13*d + 12. Let c be u(-10). Suppose 0 = t - 0 - 2, c = 3*p - 4*t. What is the highest common factor of p and 10?
10
Let s = 23 + 3. Calculate the highest common divisor of 39 and s.
13
Let p(i) = 2*i + 108. Let x be p(9). Let n = 36 - 22. What is the highest common factor of n and x?
14
Let b(r) = -6*r**3 + 3*r**2 + 2*r. Let o be b(-2). Suppose 0 = 3*t + 2*t + 20. Let q = t + 11. What is the greatest common factor of o and q?
7
Suppose -9 = 3*q, 0 = l - 3*l + 5*q + 39. What is the greatest common divisor of l and 72?
12
Suppose -4*d + 18 = 2, o + d - 326 = 0. Suppose 0 = 4*t + 5*v + 51 - o, 0 = -3*t - v + 195. What is the highest common divisor of t and 16?
16
Let r be ((-525)/(-140))/((2/(-8))/(-1)). Suppose -4*s + 3*j + 14 = -0*j, 17 = 5*s - 4*j. What is the greatest common factor of r and s?
5
Let j(v) = -v - 2. Let u be j(-7). Suppose 233 = 4*h + u*s - 9, -4*h = -3*s - 258. What is the greatest common divisor of 7 and h?
7
Suppose -4*a + 2*j = -24 - 46, -2*j = 10. Suppose 2*c - a = -1. Suppose -4*l + 64 = -4*t, -4*t = -2*l + l + 1. What is the highest common factor of l and c?
7
Suppose 2*k = -a + 4, -3*a + 11 = -k - 1. Suppose 7 - 1 = 3*m, 2*i + a*m - 10 = 0. What is the greatest common divisor of 1 and i?
1
Let n be (9 + -10)/((-2)/10). Let u(q) = q**2 - 2*q - 2. Suppose 0 = 2*v - 0 - 6. Let w be u(v). What is the greatest common factor of w and n?
1
Let f(y) = -13*y - 15. Let a be f(-3). What is the highest common factor of a and 32?
8
Suppose -5*a = 35 - 125. What is the highest common divisor of 144 and a?
18
Let b be (-14)/(-5)*55/22. Calculate the greatest common divisor of 1 and b.
1
Suppose 0 = -5*c - 39 + 179. Calculate the greatest common divisor of c and 7.
7
Let u be 2/(0 + (-6)/15). Let m = 15 - u. What is the greatest common divisor of m and 60?
20
Suppose -176 = -5*u + 4*q, 0 = 5*q - 1 - 4. Calculate the greatest common divisor of u and 90.
18
Let m = 39 + -24. Let q = 10 + -6. Suppose q*n - 25 = -n. What is the highest common divisor of m and n?
5
Let h = 84 - 54. Calculate the greatest common divisor of h and 75.
15
Let k = 13 + 3. Suppose 0 = y + 2*y - 12. Let x = y + k. Calculate the greatest common factor of 20 and x.
20
Let d = 3 - -1. Suppose 3*n + 4*m = d*n - 35, 3*m - 129 = -5*n. Calculate the greatest common divisor of 18 and n.
9
Let y be 14 - (-2 + 4)/(-2). Let r = 42 - -93. Calculate the highest common divisor of y and r.
15
Suppose -12 = 3*x - 0*x. Let q(d) = -4*d**3 - 6*d**2 - 2*d - 4. Let t be q(x). Let w = 296 - t. What is the highest common factor of 12 and w?
12
Let a be 11 - 0 - (-14)/(-7). Suppose -3*i - a = -21. Suppose -3*r - 12 = -4*r. Calculate the highest common factor of r and i.
4
Let v be ((-12)/(-9))/((-2)/(-6)). Suppose 3*x = x + 4. Suppose -h + x*h = 8. Calculate the highest common divisor of v and h.
4
Suppose -3*j = 2*t + 5, 2*j - 4*j - 30 = -4*t. What is the highest common factor of 5 and t?
5
Suppose 0 = -3*w - 6, v = -0*w + 2*w + 26. What is the greatest common divisor of 22 and v?
22
Suppose g + 80 = 6*g. Suppose -14*a = -g*a + 44. Let b = 15 + -4. What is the greatest common divisor of a and b?
11
Suppose w = -b + 25 + 22, 5*b + 3*w = 241. Suppose -3*l = -l + 40. Let x = l - -40. What is the highest common divisor of b and x?
10
Let u be 2/(-3)*48/(-8). Suppose -n + 0*n + 24 = 0. Suppose 2*g - 18 = -g - f, 4*g + 4*f - n = 0. Calculate the highest common divisor of u and g.
2
Let b(i) = i**2 - i - 2. Let r be b(0). Let a be 6/(0 + r/(-8)). Suppose -y + 2*y = a. What is the greatest common factor of 8 and y?
8
Let o be 64/28 - 2/7. Let k = o + 7. Calculate the highest common factor of 99 and k.
9
Suppose -5*f = 5*c + 5, 31 = 4*f + f - 4*c. Suppose -f*x = -6*x + 126. What is the greatest common factor of 28 and x?
14
Let v(r) = -5 - 10*r + 4*r - 10*r - 9*r. Let w be v(-4). Let x = 80 - 42. Calculate the highest common divisor of x and w.
19
Let m(a) = 26*a**2 + a - 2. Let r(q) = -131*q**2 - 5*q + 10. Let y(h) = 11*m(h) + 2*r(h). Let u be y(2). What is the greatest common divisor of u and 12?
12
Suppose -31 = 3*t + 26. Let s be (-2 + t)/(1*-1). Calculate the highest common divisor of s and 84.
21
Let b(r) be the third derivative of -r**4/4 - r**3/6 + 2*r**2. Let n be b(-1). Calculate the greatest common divisor of n and 45.
5
Let x = 45 - 29. Let p be 679/(-3) - 4/6. Let d = p + 371. What is the greatest common divisor of x and d?
16
Let m = 7 + -10. Let k = -1 - m. Suppose 0 = -2*a - 2, 0*a + 4*a + 72 = k*v. What is the highest common divisor of v and 85?
17
Suppose -5*n = -5 - 10. Suppose -437 = n*q + 55. Let j be (-8)/20 - q/10. What is the highest common divisor of 176 and j?
16
Let t be 10/(-15)*30/(-4). What is the greatest common factor of 25 and t?
5
Let b be (2/(-4) - -1)*40. Suppose -4*w + b = 0, w - 81 = -3*p - 2*w. Let x be -6 + 4 + 1*p. What is the greatest common factor of x and 5?
5
Let c = 6 + -3. Let b be (15/9 - c)*-60. Calculate the highest common factor of 20 and b.
20
Let d = -5 + 5. Suppose q - j + 0*j - 13 = d, 0 = -3*q + 4*j + 38